pose -b + 44 - j = 0. What are the prime factors of b?
31
Let x = 935 + -465. What are the prime factors of x?
2, 5, 47
Let n = 48 + -44. Suppose m + 21 = -3*a + 795, 0 = n*m + 12. List the prime factors of a.
7, 37
Let y be (38*(-2)/(-8))/(8/(-16)). Let a = -8 + 7. Let r = a - y. What are the prime factors of r?
2, 3
Suppose 86*c - 17 = 85*c. What are the prime factors of c?
17
Let r = 296 + -109. What are the prime factors of r?
11, 17
Suppose -13*m = -15*m. What are the prime factors of (2 - m)*(6 + -4) + 139?
11, 13
Let p(r) = 10*r**2 + 6*r + 10. What are the prime factors of p(-6)?
2, 167
Suppose 4*t + 2*x - 2218 + 682 = 0, 0 = -5*t - 2*x + 1920. List the prime factors of t.
2, 3
Suppose 5*w - 1577 = -4*a, -7*w + 319 = -6*w - a. What are the prime factors of w?
317
Let d = 685 - 165. List the prime factors of d.
2, 5, 13
Let j(x) be the third derivative of x**5/12 + x**4/6 - 17*x**3/6 - 3*x**2. What are the prime factors of j(-6)?
139
What are the prime factors of (-6)/(-5) - 80512/(-40)?
2, 19, 53
Let z(g) = -g**3 - 28*g**2 - 28*g - 123. What are the prime factors of z(-29)?
2, 3, 5, 17
Suppose 2945 = 3*v + 2345. List the prime factors of v.
2, 5
Suppose b = 18*f - 16*f - 6891, -3*b + 3463 = f. What are the prime factors of f?
2, 431
Let a(o) = o**2 - 12*o + 9. Let z(y) = 2*y**2 - 24*y + 19. Let d(m) = 11*a(m) - 6*z(m). Let k be d(10). Let c = 2 + k. List the prime factors of c.
7
Let n be 256/20 + 1/5. Let l = -11 + n. Suppose 11*a - 6*a = u - 38, 2*u - l*a = 44. What are the prime factors of u?
2, 3
Let t(g) = 3*g**2 - 23*g - 30. List the prime factors of t(15).
2, 3, 5
Suppose s = -4, -c - 2*s - 424 = -3*c. Suppose 4*w - 4 - c = 0. What are the prime factors of w?
53
List the prime factors of (-6)/27 + (2 - 5444/(-36)).
3, 17
Let t(c) = -8*c**3 - 6*c**2 - 7*c - 5. Let n be t(-4). Suppose -5*w + 129 = n. Let g = -11 - w. List the prime factors of g.
3, 17
Suppose 7*g - 9*g + 50 = 0. Suppose 267 = 5*o + i - 173, -5*i + g = 0. What are the prime factors of o?
3, 29
Let u = -1566 + 3310. List the prime factors of u.
2, 109
Let z(p) be the first derivative of p**5/40 - p**4/12 + p**3 - 1. Let b(c) be the third derivative of z(c). List the prime factors of b(5).
13
Let o be 190/(-19)*2/(-5). Suppose -o*f + 6*f - 56 = 0. List the prime factors of f.
2, 7
Suppose -7*r + 544 = 10*r. What are the prime factors of 1366/5 + -1 - r/(-40)?
3, 7, 13
Suppose 0*c - 2*c + 4*n + 12 = 0, -3*n = -5*c + 16. Let z = c - 22. What are the prime factors of (-66)/(-10) - 8/z?
7
Suppose 0 = a + 2*l - 2618, 5*l = 3*l - 8. What are the prime factors of a?
2, 13, 101
Let k(m) = -m**3 - 3*m**2 + 3*m - 2. Let v be k(-5). Let h = -14 + v. List the prime factors of h.
19
Let q(m) = 177*m + 347. List the prime factors of q(8).
41, 43
Let q(u) = -33*u + 45. List the prime factors of q(-4).
3, 59
Suppose 0 = 5*b - 0*b - 10. Let d(u) = -5*u + 17*u + u**3 - 7*u**b + 4 - 4*u**2. What are the prime factors of d(10)?
2, 3
Let r be -3 - ((-16)/12 + 20/(-3)). Suppose c - 207 = -2*b, 5*b + 309 = -r*c + 824. What are the prime factors of b?
2, 13
Suppose 9*f + 2592 = 12*f. List the prime factors of f.
2, 3
Suppose -2*h = -25 + 1. Let w(t) = 2*t - 29. Let n(l) = -2*l + 29. Let z(a) = -2*n(a) - 3*w(a). List the prime factors of z(h).
5
Suppose -5*d + 5*p = 1405, -5*d - 4*p = p + 1365. List the prime factors of 5/(-10) - d/2.
2, 3, 23
Let u(i) = -i**3 - 13*i**2 - i - 16. Let s be u(-13). Let w be -1 - s - (-180)/(-9). What are the prime factors of 4/w - (-4480)/72?
2, 31
Let k be 6/(-18) - (-39)/9. Suppose 0 = -2*c + 2 + k. Suppose -c*m - 4*r = -156, -4*m - 4*r = -61 - 143. List the prime factors of m.
2, 3
Let r = -14 - -16. Let d(i) = -6*i - 14 + i**3 + 22 - 9*i**r + 17. What are the prime factors of d(10)?
5, 13
Let w = -23 - -25. What are the prime factors of 1*(w/(-2) + (-118)/(-1))?
3, 13
Let x(j) = 2*j + 12. Let g(v) = v + 6. Let c(y) = -7*g(y) + 4*x(y). Let f be c(-3). Suppose -w + 8 = z, -18 = -5*w - f. What are the prime factors of z?
5
Let h(r) = -r**2 + 23*r + 6. Let y be h(23). Suppose y = 3*t, 13*f - 8*f - t - 763 = 0. List the prime factors of f.
3, 17
Let j(h) = -2*h - 11. Suppose 0 = -5*x - 4*q - 74, -30 = 2*x - q + 3*q. List the prime factors of j(x).
17
Let b(p) = 10*p**2 + 7*p + 27. List the prime factors of b(-4).
3, 53
Suppose -3*l - 33 = -0*l. What are the prime factors of (l/4)/(3/(-72))?
2, 3, 11
Suppose 6*w = 227 + 1141. Suppose 0*i + 5 = i. Suppose -i*m = 8 - w. What are the prime factors of m?
2, 11
Suppose 0 = 3*d - 8 - 1. Let s(g) be the first derivative of -g**3/3 + 3*g**2/2 + 4*g + 2. List the prime factors of s(d).
2
Let p = 1 - 2. Let k be (-855)/(-10)*(-2)/(-3). What are the prime factors of (7/(-21))/(p/k)?
19
Suppose -1314*p + 8144 = -1306*p. List the prime factors of p.
2, 509
Let q(r) = -205*r - 205*r + 418*r + 19. What are the prime factors of q(9)?
7, 13
Suppose 0 = -5*d + 18 + 2. Suppose -d*v + 48 + 192 = 0. What are the prime factors of v?
2, 3, 5
Let o(r) = 14*r + 22. Let t be o(8). Suppose 4*b = 4*u + t - 542, 0 = -3*u - 2*b + 281. List the prime factors of u.
97
Let l = 1911 - 1021. List the prime factors of l.
2, 5, 89
Let t(o) be the second derivative of o**6/360 + 5*o**4/12 + o**3/3 - 5*o. Let m(n) be the second derivative of t(n). What are the prime factors of m(5)?
5, 7
Suppose -3*n - 58 = -22. Let h = 28 + n. Suppose -v + h = -0*v. What are the prime factors of v?
2
Let k = -98 - -371. What are the prime factors of k?
3, 7, 13
Suppose -16*r + 11 = -5. List the prime factors of 4*(0 + r) - 3180/(-15).
2, 3
List the prime factors of (6 + -10)/(5/(-615)).
2, 3, 41
Let j(p) = p**3 + 17*p**2 + 9*p - 28. List the prime factors of j(-10).
2, 3, 97
Suppose -4*n = -3*n. Let g be -3 - (-5 - (-2 + n)). Suppose g = 5*s + 2*i - 103, -3*s = -5*i - 0*i - 37. List the prime factors of s.
19
Let z = 1848 + -168. What are the prime factors of z?
2, 3, 5, 7
Suppose -2 = 2*i - 10. Suppose 12 = i*l - 3*a, l - 3*a = 4 - 1. Suppose l*v - 5*v + 6 = 0. What are the prime factors of v?
3
Suppose -8*j + 17574 = 21*j. What are the prime factors of j?
2, 3, 101
Let a = -187 + 333. Let u = a - 82. List the prime factors of u.
2
Suppose -2*l - l + 44 = 2*c, c - 5*l - 9 = 0. Let i = -17 + c. Suppose -k + 60 = i*o + k, -3*o + 2*k = -65. What are the prime factors of o?
5
Let s be (-3)/6 - (-126)/4. Let m = s + -31. Suppose -2*t = -2*o - 0*o - 62, m = -5*t + 2*o + 140. List the prime factors of t.
2, 13
Suppose -o = -4*o - 18. Let x be o/(-8) - (-602)/8. Suppose 6*s - 2*s = x. List the prime factors of s.
19
Let p be -3*(2 + 3 + -4). What are the prime factors of (p + 8)*(-244)/(-20) + -1?
2, 3, 5
Suppose -z + 4*n + 0*n = -24, 3*z + 8 = -4*n. Suppose 0 = 2*w - z*w - 258. Let q = w - -189. What are the prime factors of q?
2, 3, 5
Suppose 18 = 2*j + 4*u, -2*u - 3*u + 30 = 5*j. Suppose -428 = -3*q + q - j*s, -5*q + 1070 = -4*s. What are the prime factors of q?
2, 107
Let o(x) = -x**3 - 2*x**3 - 12*x**2 + 3*x**3 - x**3 + 8*x. List the prime factors of o(-13).
5, 13
Suppose -14223*d + 14216*d = -34972. List the prime factors of d.
2, 1249
Suppose 2*o - 10264 = -6*o. What are the prime factors of o?
1283
Let f(t) = -t**2 - 18*t - 13. Let n = -52 - -36. List the prime factors of f(n).
19
Suppose 4*m = 35 - 11. Suppose 10*i - 5*f = m*i + 1056, 2*f + 1068 = 4*i. List the prime factors of i.
269
Let p(y) = 4 - 6 - 8 - y. Let g be p(-12). Suppose -2*n + 52 = 4*m, 0 = 3*n + g*m - 74 - 12. List the prime factors of n.
2, 3, 5
Let w = 4 - 1. Suppose q + 6 = w*q. Suppose q*y + 7 = 40. What are the prime factors of y?
11
What are the prime factors of ((-54)/(-45))/((-8)/(-1420))?
3, 71
List the prime factors of (-6)/(-39) + (-532070)/(-130).
4093
Let r(o) = 98*o + 254. What are the prime factors of r(33)?
2, 109
Let n(w) = w**3 + 14*w**2 + 5*w - 9. List the prime factors of n(-6).
3, 83
Suppose 4*t = 5*s - 238, 3*s = -2*s - 10. Let x = t + 29. What are the prime factors of -2*x/6 + 0?
11
Suppose 20670 = 23*g + 1465. What are the prime factors of g?
5, 167
Let p = 223 - 35. Suppose 4*f = -4*z + p, 2*z - 88 = -3*f - f. Suppose -5*g - z = -145. What are the prime factors of g?
19
Let o be (4/(-12))/((-3)/108). Let p(x) = x**3 - 13*x**2 + 10*x - 1. Let q be p(o). Let b = 47 + q. W